Suppose -a*h = 2*w + 22, 2*h + 0*h = -4. Let t(o) = o**3 + 7*o**2 + 8*o - 1. Determine t(w).
-13
Let z(x) be the third derivative of x**5/30 + 2*x**4/3 - 19*x**3/3 + x**2 - 2322*x. Give z(-10).
2
Let p(q) = 13*q - 4. Let l(d) = -25*d + 10. Let b(r) = -l(r) - 2*p(r). Let a = 3 + 5. Suppose -12*i - 20 = -a*i. Give b(i).
3
Suppose 8 = 3*r + f - 0, 4*f - 16 = -4*r. Let x(s) = 325*s**r - 8*s + 16*s - s**3 - 334*s**2 + 2*s. Determine x(-10).
0
Let b(x) = 4 + 74*x**3 - 36*x**3 - 37*x**3. Let w(f) = f**3 - 8*f**2 - f + 7. Let y be w(8). Let u be 0 + -2 - (y - 1). Give b(u).
4
Let g(n) be the second derivative of 2*n**2 - 4 + 1/12*n**4 + 4/3*n**3 - 10*n. Determine g(-7).
-3
Let o be (-14)/(-14) + (0 - -71). Let j = 73 - o. Let h(s) = -2*s**3 - s**2 + s. What is h(j)?
-2
Let o(g) = -8*g + 2554 + 7*g + 3*g + 17*g - 2583. Calculate o(4).
47
Let o(b) = -51*b + 35. Let j(n) = -7*n - 5*n - 9*n - 14 + 2*n + 26. Let c(i) = 8*j(i) - 3*o(i). What is c(10)?
1
Let t(q) = q**3 + 20*q**2 + 38*q + 40. Let u be t(-18). Suppose k + 2 = -u*a + 3*a, 4*a - 2*k + 26 = 0. Let j(d) = 4*d + 14. Give j(a).
-6
Let v(x) = x**2 - 12*x + 55. Let s(t) = 3*t - 1. Let c(z) = -2*s(z) + v(z). What is c(4)?
1
Let a(u) = u**3 + 8*u**2 - 2*u + 8. Let r(n) = 181*n + 534. Let d be r(-3). What is a(d)?
-55
Let g(a) = 30*a - 49. Let t(k) = -90*k + 136. Let h(p) = -11*g(p) - 4*t(p). Give h(-3).
-95
Suppose 0 = -3*a - a + 12, 3*y = -2*a + 12. Let u(z) = 2*z**3 + 7*z**2 + z + 4. Let g(p) = -p**3 - 7*p**2 + p - 3. Let b(r) = y*u(r) + 3*g(r). What is b(6)?
-7
Let g(r) = 9 + 20*r**3 + 8*r**3 - 64*r**3 - r**2 + 16*r**3 + 18*r**3. Calculate g(0).
9
Let p(h) = 156 - 6*h - 224 + 23*h - 18*h. Give p(-9).
-59
Let t(j) = -j. Let m(s) = -6*s + 7. Let f(w) = m(w) - 3*t(w). Let q = 157 + 40. Let b = -192 + q. Calculate f(b).
-8
Let g(w) = -w**3 - 5*w**2 - 14*w - 69. Let m be 782/(-184) + 6/(-8). Give g(m).
1
Suppose -2*j - 26 = 2*m, -2*j + 2 = -2*m - 4. Let u(x) = 16*x - 31790*x**2 - 6*x + 0*x + 19 + 31791*x**2. What is u(m)?
3
Let c(h) = 20*h + 624. Suppose 1009*s + 651 = 501*s + 487*s. What is c(s)?
4
Let n(t) = 15*t - 20. Let y(i) = 7*i - 10. Suppose -s - 2 = -r - 11, 5*s + r = 45. Let l(j) = s*y(j) - 4*n(j). Give l(6).
8
Let v(b) = 16*b**2 + 7*b - 14. Let m(a) = 11*a**2 + 5*a - 14. Let f(x) = -6*m(x) + 4*v(x). What is f(-4)?
4
Let b(c) be the second derivative of c**4/12 + 4*c**3/3 - 11*c**2/2 + 11311*c - 2. Suppose 0 = 2*w - 3*g + 12 - 3, -5*w - 60 = 5*g. Determine b(w).
-2
Let w(k) = 9*k**2 - 39912*k**3 + 39911*k**3 - 37 + 18*k - 5*k. Calculate w(10).
-7
Let i = -6 + 7. Let m(y) = -54*y + 21. Let o(l) = 97*l - 37. Let h(g) = 7*m(g) + 4*o(g). Calculate h(i).
9
Let c(x) = 2*x**3 + 4*x**2 - 14*x + 3. Let a be c(-4). Let r(j) = -4*j + 13. What is r(a)?
33
Let i = -221 - -226. Suppose 0 = t - i*o + 11, 4*t - 32 = -5*o - 1. Let a(k) = -6*k + 3. Determine a(t).
-21
Let v(z) = -z**3 + 6*z**2 - 3*z + 4. Let b = -6052 + 6056. Determine v(b).
24
Let f(y) = -37748 + 37745 - 5*y**2 - 2*y**3 + y**3. What is f(-4)?
-19
Let c = 19267 - 19274. Let v(w) = 13*w + 103. Determine v(c).
12
Let i(q) be the first derivative of -q**5/30 - 5*q**4/24 + 7*q**3/6 + 5*q**2/2 + 2*q - 85. Let p(r) be the second derivative of i(r). Give p(-5).
-18
Let i be ((-1)/(-2)*1)/(22/(-264)). Let d(g) = -509*g + 518*g + 9 - g**2 + 2*g**2. Give d(i).
-9
Let x(c) = c**3 - 11*c**2 + 28*c + 5. Let m be ((0 + 3)/((220/(-77))/20))/(-3). Give x(m).
5
Suppose -26*p - 198 = 40*p. Let a(n) = -2*n. Let x(m) = -m. Let h(u) = -a(u) + x(u). Give h(p).
-3
Let w(y) = 7*y - 39. Suppose -2*m = -5*k - 7, -10*m + 3*k + 9 = -8*m. Determine w(m).
3
Suppose -629 - 351 = -5*x. Let r = 197 - x. Let q(w) = 13*w**3 - w + 1. Determine q(r).
13
Suppose 11*o - 112 = 4*o. Suppose 2*r - o = r. Suppose -g + 3*g = r. Let h(m) = -m**2 + 7*m + 4. Give h(g).
-4
Let g(c) = 0*c - 6 - c + 30 + c**2. Let j(d) = d**3 + 215*d**2 - 441*d + 14. Let i be j(2). Calculate g(i).
24
Let j(w) = -w**2 + 9*w - 21. Suppose -234 + 144 = -9*q. What is j(q)?
-31
Let z(h) = 41*h + 160. Suppose 16*q - 13377 + 13461 = -5*q. Calculate z(q).
-4
Let b be ((3/(-5))/((-2)/10))/1. Suppose -4*k = -16, -8*k + b*k - 10 = 5*l. Let d(y) = y**2 + 5*y - 4. Determine d(l).
2
Let m be (39/(-9) + (-40)/24)/(-2). Let l be (-92)/(-69)*((-18)/4)/m. Let j(d) = -4*d + 1. Determine j(l).
9
Let j(f) = -14*f - 3. Let i(u) = -2*u**2 + 27*u + 2. Let w be i(-6). Let r = -234 - w. Calculate j(r).
25
Let y(b) = -13*b**2 - 14*b + 269. Let w(p) = -37*p**2 - 42*p + 762. Let o(d) = 6*w(d) - 17*y(d). Determine o(-14).
-1
Let p = 126 + -132. Let w(r) be the first derivative of r**4/4 + 7*r**3/3 + 5*r**2/2 - 89. What is w(p)?
6
Let x be ((-10)/6)/((-8)/24) + -4. Let q(w) = 23*w - 11. Let a(d) = -17 + 9 - 8*d + 12. Let n(z) = 8*a(z) + 3*q(z). What is n(x)?
4
Let r(z) = -3*z - 11. Let g(p) = -16*p + 2. Let k(t) = g(t) - 3*r(t). Determine k(7).
-14
Suppose 14 = 4*j - 2*j. Suppose 9*t - 8 = j*t. Let s(w) = -8*w - 1. Let f(r) = -r. Let v(a) = 6*f(a) - s(a). Calculate v(t).
9
Let b be (-2)/((-2)/(-3))*(-12)/9. Let l(z) = -2*z**2 + 7*z**2 + 0 - b*z**2 - 1. Calculate l(5).
24
Let q(m) be the third derivative of -m**6/120 + m**5/20 + m**4/8 + m**3/2 - 4*m**2 + 17*m. Let x = 42 - 39. What is q(x)?
12
Let u(s) = 6 - 72*s**2 + 32*s**2 + 39*s**2. Let p = 15 + -10. Give u(p).
-19
Let s(j) = -j**3 - j**2 + 4. Let u be (-2 + (1 - 0))*-6. Suppose u*r = 240 - 78. Suppose 0 = -r*x + 24*x. What is s(x)?
4
Let q(y) be the first derivative of -y**5/60 + y**4/24 - y**3/6 + 79*y**2 - 104. Let t(o) be the second derivative of q(o). Determine t(4).
-13
Let r(q) = 2*q - 1 + 0*q + 2. Suppose 96 - 495 = -7*m. Suppose -67*y - 20 = -m*y. Calculate r(y).
-3
Let i(t) = 2*t**2 + 4*t + 6. Let v be i(-5). Let x(o) = -75 + 32 - 3*o + v. Calculate x(-4).
5
Suppose 0 = 3*z - 5*n + 37, -10652*z + n = -10648*z + 4. Let j(h) = -7*h + 24. Determine j(z).
17
Let k(o) = -12*o - 298. Let u be k(-24). Let g be 8 + u - 2/(-2). Let h(i) = 8*i**2 + 2*i + 2. Determine h(g).
8
Let w(j) = j. Let r be 13/4 + 6/(-24). Let b(l) = 10*l - 9. Let t(a) = -17*a + 18. Let o(h) = 7*b(h) + 4*t(h). Let i(c) = r*w(c) - o(c). Give i(0).
-9
Let o(z) = -3*z + 22 + 9*z + 4*z - 7*z. Let l be o(-7). Let w(g) = 45*g**2 + 4*g + 10. Let c(d) = 15*d**2 + d + 3. Let f(m) = -7*c(m) + 2*w(m). What is f(l)?
-15
Let r(i) = i**2 + 5*i - 8. Let o = -127 + 136. Suppose 26 = -5*a - o. Give r(a).
6
Let h be (1 + 1)/((-26)/(-52)). Let u be -3*-2*2*(-4)/(-24). Let l(f) = -f - 4 + u + 5*f - 5*f. Give l(h).
-6
Let v(n) be the second derivative of 0*n**2 + 0 - 7/6*n**3 - n. Let j = 73 + -72. What is v(j)?
-7
Let q(p) = 11*p**2 + p**2 - 9*p - 11*p**2 - 3 + 2 + p**3. Give q(3).
8
Let p(r) = -2820*r - 2818*r + 8458*r + 17 - 2815*r. Give p(-9).
-28
Suppose 2*p = 5*r - 1 - 2, -p - 3*r = 18. Suppose -3*y = -77 + 68. Let x(s) = 11 + 10*s**2 + 25*s**3 + s - s**2 + 30*s**y - 54*s**3. Determine x(p).
2
Let t be (-2)/4 + (-26)/(-4). Let m(r) = r + 1. Let c(g) = -g + 3. Let s(u) = -c(u) - 2*m(u). Calculate s(t).
-11
Let t(p) = -28*p - 726. Let i(b) = -13*b - 335. Let d(k) = 13*i(k) - 6*t(k). Determine d(-6).
7
Let r(n) be the first derivative of 2*n - 5/2*n**2 + 55 + 2/3*n**3. Give r(3).
5
Let q(c) = -c**2 - c + 114. Let x(u) = -2*u**2 + 114. Let a(i) = -4*q(i) + 3*x(i). Let n(v) be the first derivative of a(v). What is n(-5)?
24
Suppose 3*z + 5*t - 34 = 0, -2*z = -4*t + 12 + 2. Let d be (-3 - z)*(2/(-4) + -2). Let b(w) = 31*w - 1 - d*w - 19*w. Calculate b(-2).
5
Suppose 4*o = -5*o + 297. Let h = o + -31. Let b(v) = 1 - 4*v**h + 0 - v + 6*v + 0 - v**3. Determine b(-5).
1
Suppose 5*w - 23*x = -20*x - 15, 2*w = 2*x - 10. Let l(u) = -1640 + u**2 + 1642 + 2*u + 3*u + w*u. Determine l(-6).
8
Let t(m) = -m**3 + 3*m**2 - m + 2. Let q(y) = -2*y**3 + y**2 - 19*y + 4. Let s(r) = q(r) - 3*t(r). Give s(10).
38
Let r(s) = 101 - 11*s**2 + 1 - 2*s**2 - 25*s + 14*s**2 - 18. What is r(19)?
-30
Let t(c) = 5*c**2 + c - 48. Let f(r) = 4*r**2 - 41. Let d(x) = -6*f(x) + 5*t(x). Let m be ((-10)/(-4))/((-6)/12). Determine d(m).
6
Let w(g) = g**3 - 3*g**2 - 7*g - 6. Suppose -72 = 3726*x - 3744*x. Determine w(x).
-18
Suppose 239*l - 81 = 230*l. Let x(m) = m**3 - 8*m**2 - 9*m + 4. Give x(l).
4
Let f(g) = -50950*g + 50951*g + 46*g**2 - 3*g**2. Let n(b) = -b**2 -